hest common divisor of 189 and 171?
9
Calculate the greatest common factor of 1342 and 132.
22
Calculate the highest common factor of 27 and 27.
27
Calculate the highest common factor of 13114 and 474.
158
What is the greatest common divisor of 2 and 54?
2
Calculate the highest common factor of 222 and 5217.
111
Calculate the greatest common factor of 196 and 21.
7
Calculate the greatest common factor of 4096 and 96.
32
Calculate the highest common divisor of 87 and 87.
87
Calculate the highest common divisor of 1298 and 1180.
118
Calculate the greatest common factor of 37 and 111.
37
What is the highest common divisor of 8352 and 9?
9
What is the highest common divisor of 45 and 3285?
45
Calculate the highest common factor of 33 and 297.
33
What is the highest common factor of 209 and 176?
11
What is the greatest common divisor of 6946 and 302?
302
Calculate the greatest common divisor of 154 and 55594.
154
Calculate the highest common divisor of 2907 and 855.
171
Calculate the highest common divisor of 8880 and 74.
74
What is the greatest common divisor of 18 and 78?
6
What is the greatest common factor of 642 and 6?
6
What is the greatest common divisor of 18 and 114?
6
What is the greatest common divisor of 1584 and 8624?
176
What is the greatest common factor of 3827 and 989?
43
What is the highest common divisor of 126 and 42?
42
What is the greatest common divisor of 9596 and 8?
4
What is the highest common divisor of 75 and 330?
15
What is the highest common factor of 159 and 219?
3
What is the highest common divisor of 165 and 110?
55
What is the highest common divisor of 592 and 148?
148
Calculate the greatest common factor of 697 and 41.
41
What is the highest common factor of 33890 and 10?
10
What is the greatest common factor of 170 and 187?
17
What is the greatest common divisor of 72 and 2016?
72
What is the greatest common divisor of 308 and 56?
28
Calculate the highest common divisor of 7 and 477.
1
What is the greatest common divisor of 7835 and 10?
5
Calculate the greatest common factor of 1749 and 33.
33
What is the highest common factor of 414 and 36?
18
Calculate the highest common divisor of 36 and 172.
4
What is the greatest common factor of 189 and 54?
27
What is the greatest common divisor of 256 and 200?
8
What is the greatest common factor of 85 and 5?
5
Calculate the greatest common divisor of 38 and 266.
38
Calculate the greatest common divisor of 3978 and 39.
39
Calculate the highest common factor of 1073 and 1711.
29
Calculate the highest common factor of 49 and 28.
7
Calculate the greatest common factor of 238 and 42.
14
Calculate the highest common divisor of 300 and 75.
75
What is the highest common divisor of 38 and 34466?
38
Calculate the greatest common factor of 54 and 1458.
54
What is the highest common divisor of 18 and 99?
9
What is the greatest common factor of 35 and 875?
35
What is the greatest common divisor of 50 and 900?
50
Calculate the highest common divisor of 320 and 16160.
160
What is the greatest common divisor of 502 and 5773?
251
What is the greatest common factor of 174 and 41934?
174
Calculate the highest common divisor of 27 and 1467.
9
What is the highest common divisor of 598 and 92?
46
Calculate the greatest common factor of 427 and 488.
61
What is the greatest common factor of 3741 and 87?
87
Calculate the highest common factor of 500 and 20.
20
Calculate the greatest common factor of 28 and 434.
14
Calculate the highest common factor of 52 and 132080.
52
Calculate the greatest common divisor of 69 and 60720.
69
What is the greatest common divisor of 5 and 7?
1
Calculate the highest common divisor of 255 and 11815.
85
What is the greatest common divisor of 60 and 160?
20
What is the highest common divisor of 1411 and 1632?
17
What is the greatest common divisor of 1 and 337?
1
Calculate the highest common divisor of 64 and 24.
8
Calculate the highest common factor of 1225 and 11270.
245
Calculate the greatest common divisor of 110 and 10.
10
Calculate the greatest common factor of 588 and 24.
12
Calculate the greatest common factor of 1083 and 171.
57
What is the greatest common factor of 1 and 8?
1
Calculate the highest common divisor of 165 and 880.
55
What is the highest common divisor of 152 and 2432?
152
What is the highest common factor of 1869 and 21?
21
Calculate the greatest common factor of 80 and 6280.
40
What is the highest common factor of 16 and 1064?
8
Calculate the highest common factor of 1500 and 288.
12
What is the greatest common factor of 1536 and 160?
32
What is the greatest common divisor of 752 and 16?
16
What is the highest common divisor of 32 and 128?
32
What is the highest common divisor of 117 and 8853?
39
Calculate the greatest common factor of 288 and 512.
32
What is the highest common divisor of 17 and 4?
1
Calculate the greatest common factor of 2280 and 3360.
120
Calculate the greatest common divisor of 8453 and 535.
107
What is the greatest common divisor of 147 and 42?
21
What is the highest common divisor of 160 and 220?
20
Calculate the greatest common divisor of 2317 and 21.
7
What is the greatest common factor of 15 and 195?
15
What is the greatest common factor of 204 and 3024?
12
What is the greatest common factor of 106 and 477?
53
What is the greatest common factor of 7018 and 66?
22
What is the greatest common factor of 16 and 48?
16
Calculate the highest common divisor of 7119 and 189.
63
Calculate the greatest common factor of 350 and 250.
50
Calculate the greatest common factor of 3108 and 588.
84
What is the greatest common divisor of 116 and 812?
116
Calculate the greatest common factor of 166 and 581.
83
What is the greatest common divisor of 413 and 4779?
59
Calculate the greatest common factor of 3006 and 835.
167
What is the greatest common factor of 132 and 8184?
132
Calculate the highest common factor of 250 and 30.
10
What is the greatest common factor of 30451 and 111?
37
What is the greatest common factor of 574 and 15785?
287
What is the highest common divisor of 21 and 105?
21
What is the greatest common factor of 62 and 341?
31
Calculate the greatest common divisor of 14 and 3584.
14
Calculate the greatest common factor of 1290 and 180.
30
Calculate the highest common divisor of 77 and 4697.
77
What is the highest common divisor of 68 and 92?
4
Calculate the highest common factor of 43 and 1548.
43
Calculate the highest common divisor of 51 and 323.
17
What is the highest common divisor of 252 and 1476?
36
What is the greatest common factor of 4626 and 36?
18
Calculate the greatest common divisor of 331 and 2.
1
What is the highest common divisor of 452 and 24?
4
What is the greatest common factor of 16043 and 61?
61
What is the greatest common divisor of 16250 and 65?
65
Calculate the greatest common divisor of 153 and 1479.
51
Calculate the greatest common divisor of 4332 and 95.
19
Calculate the highest common divisor of 26 and 429.
13
What is the greatest common divisor of 115 and 3335?
115
What is the highest common factor of 810 and 36?
18
Calculate the highest common factor of 938 and 42.
14
What is the highest common factor of 2535 and 143?
13
What is the highest common divisor of 43 and 688?
43
Calculate the greatest common divisor of 1 and 191.
1
Calculate the highest common divisor of 112 and 1200.
16
Calculate the greatest common factor of 2904 and 128.
8
What is the highest common factor of 115 and 4?
1
Calculate the highest common factor of 2453 and 669.
223
What is the highest common divisor of 475 and 76?
19
What is the highest common divisor of 55 and 121?
11
Calculate the highest common factor of 52 and 92.
4
Calculate the greatest common divisor of 4 and 812.
4
Calculate the highest common divisor of 385 and 1232.
77
What is the highest common divisor of 264 and 2136?
24
Calculate the greatest common factor of 28 and 532.
28
Calculate the highest common factor of 338 and 325.
13
What is the greatest common factor of 3 and 321?
3
Calculate the highest common factor of 2176 and 34.
34
Calculate the highest common factor of 2274 and 6.
6
Calculate the highest common factor of 265 and 10.
5
Calculate the greatest common divisor of 1760 and 55.
55
What is the greatest common factor of 378 and 84?
42
Wh